 2898982220 and 20?
20
Calculate the highest common divisor of 1477 and 2946193.
211
What is the greatest common divisor of 9064 and 248336?
88
Calculate the highest common divisor of 1332927422 and 53.
53
What is the highest common factor of 1986 and 6036?
6
Calculate the highest common factor of 2 and 388869.
1
Calculate the greatest common factor of 57725370 and 34.
34
Calculate the greatest common factor of 3256 and 40705624.
296
What is the greatest common divisor of 100580 and 14660?
20
What is the greatest common divisor of 252181698 and 618?
618
What is the highest common divisor of 104 and 11752000?
104
Calculate the highest common divisor of 9506 and 7923930.
1358
Calculate the greatest common divisor of 295 and 9249194.
59
Calculate the highest common factor of 2340 and 2267748.
36
Calculate the highest common divisor of 8960 and 31479040.
1280
What is the greatest common factor of 10399023 and 3741?
87
Calculate the highest common divisor of 1545 and 189726.
309
What is the greatest common factor of 60653 and 624739?
131
What is the greatest common factor of 54165 and 3874603?
3611
What is the greatest common factor of 85272 and 32966672?
2584
Calculate the highest common divisor of 7587873 and 53667.
801
Calculate the highest common factor of 55 and 104009015.
55
What is the greatest common divisor of 495 and 42829380?
495
What is the highest common factor of 18734 and 22098?
58
What is the greatest common factor of 2066456 and 136?
8
Calculate the greatest common factor of 620 and 202596.
4
What is the greatest common factor of 213486 and 801465?
357
What is the greatest common divisor of 800 and 330110?
10
Calculate the highest common divisor of 2918540 and 27740.
1460
What is the greatest common divisor of 1733633 and 2076?
173
What is the greatest common divisor of 130 and 22377745?
65
What is the highest common divisor of 151459236 and 108?
36
What is the highest common divisor of 29101440 and 115?
115
Calculate the greatest common factor of 1380 and 20582120.
20
Calculate the highest common divisor of 29176704 and 4788.
684
What is the greatest common factor of 10 and 35202220?
10
Calculate the highest common divisor of 3759886 and 403.
13
What is the greatest common factor of 67298 and 39650226?
2926
Calculate the highest common factor of 536 and 3474620.
268
What is the highest common factor of 5985 and 25165785?
285
Calculate the greatest common divisor of 16065947 and 1963.
151
Calculate the highest common divisor of 124165592 and 23.
23
What is the highest common factor of 49258 and 12760?
22
Calculate the greatest common factor of 57215074 and 3026.
178
What is the highest common divisor of 603428 and 2884086?
1874
What is the highest common divisor of 296 and 37504288?
8
Calculate the highest common factor of 195575603 and 41063.
3733
Calculate the highest common factor of 20 and 8661580.
20
What is the highest common divisor of 8990 and 6668410?
310
What is the greatest common divisor of 13 and 28795702?
13
Calculate the highest common divisor of 3302 and 22075394.
254
What is the greatest common divisor of 12126 and 2880828?
258
What is the highest common divisor of 34 and 205497360?
34
Calculate the greatest common divisor of 392 and 10404961.
7
Calculate the greatest common divisor of 245280 and 35490.
210
What is the greatest common factor of 30 and 23388930?
30
What is the greatest common factor of 585 and 8086923?
117
What is the highest common divisor of 152873654 and 147885?
9859
What is the greatest common divisor of 240 and 10516460?
20
What is the greatest common factor of 6794008 and 208?
104
Calculate the greatest common factor of 622956590 and 2495.
2495
What is the greatest common factor of 136830 and 5520?
30
What is the highest common divisor of 1512 and 1427454?
126
Calculate the highest common divisor of 49 and 310072049.
49
Calculate the highest common divisor of 303511147 and 358.
179
Calculate the greatest common factor of 8172 and 357864138.
4086
Calculate the highest common factor of 20 and 11906380.
20
What is the greatest common divisor of 238037142 and 347?
347
What is the highest common factor of 122148592 and 23056?
2096
Calculate the greatest common divisor of 145078363 and 995.
199
Calculate the highest common factor of 210 and 392033280.
30
What is the highest common factor of 45 and 205252755?
15
What is the highest common factor of 57471018 and 1254?
66
Calculate the greatest common divisor of 58344 and 57189.
33
What is the highest common factor of 562922 and 1199152?
298
What is the highest common factor of 1462980 and 1620?
60
Calculate the greatest common factor of 13974 and 1834704.
822
Calculate the greatest common divisor of 31758364 and 3828.
1276
What is the greatest common divisor of 3747636 and 285?
57
What is the greatest common divisor of 531879870 and 60?
30
What is the greatest common factor of 1936 and 35674672?
1936
What is the highest common factor of 3321 and 784701?
27
What is the greatest common divisor of 1028 and 677625732?
1028
What is the greatest common factor of 290 and 1147290?
10
Calculate the greatest common factor of 1160 and 6480.
40
What is the greatest common factor of 4404696 and 192672?
5352
What is the highest common factor of 12150187 and 14?
7
What is the greatest common divisor of 1603503 and 2187?
27
Calculate the greatest common divisor of 448476 and 1473906.
798
What is the highest common divisor of 52520 and 598?
26
Calculate the greatest common factor of 28856068 and 412.
412
Calculate the highest common divisor of 11037 and 983502.
39
Calculate the highest common factor of 678557586 and 10290.
2058
Calculate the highest common factor of 76847574 and 186.
186
What is the greatest common divisor of 10250 and 7950?
50
What is the greatest common factor of 9726 and 119694?
6
What is the greatest common divisor of 132882660 and 3180?
3180
Calculate the highest common factor of 12668187 and 189.
21
Calculate the highest common divisor of 14305060 and 460.
20
What is the greatest common factor of 254 and 27925903?
127
Calculate the greatest common factor of 33935796 and 531.
9
What is the greatest common divisor of 17639 and 5394?
31
Calculate the highest common factor of 8964 and 827064.
108
Calculate the greatest common factor of 1035837 and 3663.
99
What is the greatest common divisor of 8462789 and 618?
103
What is the greatest common divisor of 695512 and 3856?
8
Calculate the highest common factor of 525620 and 102500.
820
Calculate the highest common factor of 1338 and 2213642058.
1338
Calculate the highest common factor of 14818 and 1845244.
62
Calculate the greatest common factor of 6693307605 and 615.
615
Calculate the highest common divisor of 218535 and 4015902.
2571
What is the greatest common factor of 56224032 and 480?
96
What is the highest common factor of 10 and 13067663?
1
What is the highest common divisor of 37993021 and 5326?
2663
Calculate the greatest common divisor of 1392756 and 2207292.
5028
What is the highest common factor of 85 and 62305255?
85
Calculate the greatest common divisor of 142994 and 2709076.
142
Calculate the highest common divisor of 377802 and 41422.
278
What is the greatest common factor of 7097652 and 4716?
36
What is the highest common factor of 4347 and 526365?
189
Calculate the highest common divisor of 2091 and 8215539.
2091
Calculate the highest common factor of 877149 and 7533.
81
What is the greatest common divisor of 1638 and 13992498?
234
What is the greatest common factor of 15160395 and 1395?
465
Calculate the highest common divisor of 840 and 35181510.
210
What is the highest common factor of 26642232 and 136?
8
Calculate the highest common factor of 644 and 4897873.
23
Calculate the greatest common divisor of 333795 and 10065.
165
What is the highest common divisor of 861306 and 198?
6
What is the highest common divisor of 31 and 597022087?
31
What is the highest common divisor of 9525140 and 3103?
107
Calculate the greatest common divisor of 9468945 and 228.
3
Calculate the greatest common factor of 3010 and 10782680.
430
What is the greatest common factor of 204 and 99966?
6
What is the greatest common factor of 220 and 64157440?
20
Calculate the highest common divisor of 25024 a